 Calculate the remainder when 109 is divided by (2 + 25/(-10))*u.
31
Let q = -11899 + 14868. What is the remainder when q is divided by 27?
26
Suppose -392*v = -403*v + 5863. Let m = v + -526. Calculate the remainder when 572 is divided by m.
5
Suppose 2*z - 150 = -2*x, x = 3*z - 824 + 623. Calculate the remainder when 3456 is divided by z.
6
Let l = 46 - 46. Let a(r) = -r**3 + 16*r**2 - 3*r - 8. Let k be a(15). Suppose l*c = 4*c - k. What is the remainder when c is divided by 22?
21
Let o = -65 - -61. What is the remainder when 105 is divided by -9*((-2 - (2 - 5)) + o)?
24
Let c = -31 + 51. What is the remainder when 92 is divided by (c/6 - 3) + 448/24?
16
What is the remainder when -1252*12/(-24)*1 is divided by 624?
2
What is the remainder when 1813 is divided by (140/32 - 4) + 87024/384?
224
Let j = 38 + 4. Suppose -4*v + 2380 = 4*r, -5*r + 4*v = -521 - 2364. What is the remainder when r is divided by j?
39
Suppose -6*l + 69 - 93 = 0. What is the remainder when 140 is divided by 268/(-80)*-4 + l/10?
10
Let m = -4374 + 4597. What is the remainder when 235 is divided by m?
12
Suppose -2*n + 6 = 3*v - 5, -27 = -5*v + n. Calculate the remainder when 18/(-10) - ((-59450)/250 - 6) is divided by v.
2
Let m = 51 - 30. What is the remainder when (10140/455)/(0 - (-2)/7) is divided by m?
15
Let s(p) = 38*p + 2*p**2 + 42*p - 76*p - 28. Calculate the remainder when s(5) is divided by 6.
0
Suppose -3*d + 75 = 4*z, -z + 55 = z + 5*d. Let w = z + 13. Calculate the remainder when w is divided by (16/(-5) + 2)*-5.
4
Let l = -226 + 339. Suppose -14*f + 13*f = -2*p - 16, -l = -5*f - p. What is the remainder when 31 is divided by f?
9
Let h = -10 + 1. Let c(i) = -i**3 + 16*i**2 + 3*i - 29. Let y be c(16). Calculate the remainder when 149 is divided by 6*y*(-3)/h.
35
Let j be ((-75)/(-12))/1*4. Suppose -5*n + 32 = -4*s, 0 = 4*n + s - 4*s - j. Calculate the remainder when 85 is divided by n.
1
Suppose 69*y - 92*y = -230. Let m = 26 + -9. What is the remainder when m is divided by y?
7
Let t = -339 - -341. Let q = 11 + t. What is the remainder when 61 is divided by q?
9
Suppose 92*k - 97*k = -776 + 236. Suppose 5*p - 142 = -2. Suppose p = -x + 2*x. Calculate the remainder when k is divided by x.
24
Let d be 4/(-28)*3 + (-59)/(-7). Let s be 24/20*60/d. Suppose 0 = -s*r - 35 + 161. Calculate the remainder when 54 is divided by r.
12
Let p(h) = -h**2 + 25*h + 53. Let o be (-8)/(-32) - (1 + (-182)/8). Let f(m) = -m**3 - m**2 - m + 40. Calculate the remainder when p(o) is divided by f(0).
39
Suppose 0 = -90*d + 89*d - 438. Let q = -375 - d. Calculate the remainder when q is divided by 4/(-10) + (-67)/(-5).
11
Let x(z) = 2*z**2 - 13*z + 21. Let i = -17 + 17. Let r be ((-22)/(-3) - i)*(-6)/(-4). Calculate the remainder when x(r) is divided by 41.
38
Let h = 19627 - 19490. What is the remainder when 526 is divided by h?
115
Suppose -4668*y + 30 = -4666*y. Let o(m) = m**3 - 15*m**2 - m + 25. What is the remainder when o(y) is divided by 1?
0
Suppose 12 = q + 1. Let g(m) = 1 - q*m - 28 + 4 - m**2. Calculate the remainder when 75 is divided by g(-6).
5
Let o(f) = 7*f - 51. Let a(m) = m**3 + 11*m**2 - 13*m - 4. Let u be a(-12). Calculate the remainder when 7 is divided by o(u).
2
Suppose 2*x + 109 - 535 = -3*j, 4*j = 5*x - 1134. Calculate the remainder when 226 is divided by x.
4
Let i(h) = 73*h**3 - h**2 - 10*h + 11. Calculate the remainder when i(1) is divided by 44.
29
Let j(w) = 53*w - 4. Calculate the remainder when j(3) is divided by 5/(1 - -84) + (-7282)/(-187).
38
Suppose -2*n - 1815 - 7587 = -3*v, -4*n - 12 = 0. What is the remainder when v is divided by 19?
16
Suppose -5*q - 19 = 2*p, p + 2*q = 5*q + 18. Suppose -112 = 15*a - 17*a + 4*z, z = -p*a + 147. What is the remainder when a is divided by 166/6 - 2/3?
23
Let y(s) = 351*s - 3012. Suppose 3*b = -11 + 47. What is the remainder when y(11) is divided by b?
9
Let f(d) be the first derivative of d**2/2 - 17*d - 108. What is the remainder when 57 is divided by f(33)?
9
Let u be 2 - -210 - 5 - (-2)/2. Suppose -a + u = -29. What is the remainder when a is divided by 61?
54
Suppose -3 + 24 = 3*j. Suppose 0 = 3*f + 5*c + 314, -7*c = -5*f - 9*c - 517. Let m = f + 156. Calculate the remainder when m is divided by j.
4
Suppose 0 = -10*c + 186 + 324. Suppose -3*a - d + c = 0, -4*d = -3*a - 3*d + 57. Calculate the remainder when a is divided by 10.
8
Let q = 2714 + -2319. What is the remainder when q is divided by 99?
98
Calculate the remainder when 3532/6*(-387)/(-86)*(-2)/(-6) is divided by 38.
9
Suppose 5925 = 145*l - 7415. What is the remainder when 298 is divided by l?
22
Let k = 3 - 1. What is the remainder when 0/((-16)/(-80)*-25) - 6/(-2) is divided by k?
1
Let j be (0 + -1)/((-14)/14) - -2. Suppose -j*g + 178 + 32 = 0. What is the remainder when g is divided by 24?
22
Let t(j) = j + 11. Let g be t(-7). Suppose 2*d + 600 = 4*z, 0 = -g*z - 2*d - 2*d + 600. Let c = 59 + -21. Calculate the remainder when z is divided by c.
36
Let f = 118 + -113. Let c be 28/6*15/50*f. Suppose h + u - 12 = c, -2*u = 6. What is the remainder when 62 is divided by h?
18
Suppose -67*t = -28*t + 741. Let j(z) = -z**3 - 20*z**2 - 20*z - 6. Calculate the remainder when 126 is divided by j(t).
9
Suppose 0*j - 6307 = -5*j + 4*g, 0 = 5*j + g - 6317. Calculate the remainder when j is divided by 30.
3
Let u(y) = -46*y + 33. Let d be u(-2). Let z = d + -106. Calculate the remainder when 70 is divided by z.
13
Let f(z) = 371*z + 1972. What is the remainder when 264 is divided by f(-5)?
30
Let b(x) = x**2 + 10*x - 20. Let s(o) = 13*o**3 - 7*o**2 + 4*o + 2. What is the remainder when s(1) is divided by b(-12)?
0
Suppose 2*w - 14 = 74. Let l(o) = -2*o**3 - 83*o**2 + 13*o - 1118. Calculate the remainder when l(-42) is divided by w.
12
Suppose -y - 3*f - 11 + 10 = 0, -4*y = f + 37. What is the remainder when (-9546)/(-50) + y/(-125) is divided by 98?
93
Suppose -19980 = -2*r - 6730. Calculate the remainder when (-20)/90 + r/45 is divided by 38.
33
Suppose 122*j + 85*j - 465608 + 183467 = 0. Calculate the remainder when j is divided by 66.
43
Suppose -3*z + 2*v = -58, -2*z + 52 = -0*z - 4*v. What is the remainder when 2/4*(131 - (10 + -5)) is divided by z?
15
Let q = -110 - -120. Suppose 0 = -3*s + 2*y + 1180, -1574 = -4*s + 13*y - q*y. What is the remainder when s is divided by 79?
76
Suppose 0 = -0*p + 13*p + 897. Let z = p + 76. Calculate the remainder when 13 is divided by z.
6
Suppose -32*f + 11273 + 3639 = 0. Calculate the remainder when f is divided by 9.
7
Let j be 12*((-2)/(-9) + 76/36). Suppose 0 = -6*t - j + 16. Calculate the remainder when (1/(-9)*21)/(t/6) is divided by 4.
3
Let y(n) = n**3 + 6*n**2 - 8*n - 8. Let c(q) = 20*q + 374. What is the remainder when y(-6) is divided by c(-18)?
12
Let t = -18738 + 18938. What is the remainder when 615 is divided by t?
15
Suppose 0 = 4*r + 7*r - 44. Suppose -o - 129 = -2*x, r*x - 4*o = -8*o + 240. Calculate the remainder when 248 is divided by x.
59
Suppose 4*u + 68 + 46 = -2*c, 0 = c + 5. Let o = u - -74. What is the remainder when o is divided by 28?
20
Let u(s) = 368*s**2 + s - 52. Calculate the remainder when u(-6) is divided by 79.
76
Suppose 0 = -2*g + 11 + 45. Let w be (-1)/(-8) + 38443/296. What is the remainder when (w*3)/5 + 0 is divided by g?
22
Suppose -38*c = -23*c - 13350. What is the remainder when c is divided by 31?
22
Let b = 6591 - 6531. Calculate the remainder when 140 is divided by b.
20
Let u(j) = 4*j**2 - 5*j - 3. Let n be u(4). Suppose -d + 66 = n. Let y = -100 + 149. Calculate the remainder when y is divided by d.
24
Let g(l) = -l**2 + 7*l. Let r be g(6). Suppose 0 = -5*o + r*o. Suppose o = -2*w - 2 + 48. What is the remainder when w is divided by 6?
5
Let b = -12230 - -12383. Calculate the remainder when b is divided by 144.
9
Let m(i) = 20*i + 2. Let u be m(0). Suppose 0 = 10*s - 6*s - u*l - 170, s - 37 = -5*l. What is the remainder when s is divided by (-80)/(-6) + (-2)/6?
3
Let h = -46 - -76. Let p = h - -9. Suppose 0 = 4*k - 6*k + 224. Calculate the remainder when k is divided by p.
34
Suppose -3*u - 138 = 5*a - 495, -5*u = 4*a - 283. What is the remainder when a is divided by 51?
21
Let k(j) = -j**2 + 72*j - 655. Calculate the remainder when 90 is divided by k(11).
